se
Suppose 20*x - 16*x - 9908 = 0. Is x composite?
False
Suppose -3*t = 9 + 3. Is (-8 + 6)*370/t composite?
True
Let g(y) = 306*y - 17. Is g(11) composite?
True
Let z(v) = 4*v**3 - 4*v**2 - 6*v + 6. Let y be z(4). Let f = y - 85. Is f a composite number?
False
Suppose 0*w - 5*w + 5285 = 0. Is (-24)/12 + (w - 0) composite?
True
Suppose -3*b = -8*b + 5*a + 1340, a = 2*b - 536. Let y = b - -303. Is y composite?
False
Let l = -122 - -127. Suppose -3*c + 7 - 1 = 0. Suppose -c*z = -523 + l. Is z a prime number?
False
Let s(t) = 33*t + 2 - 10 + t**2 - 31*t. Is s(-15) a prime number?
False
Let n(c) = 40*c**2 - 249*c - 18. Is n(-25) composite?
True
Suppose -3*u - 617 = 5*f - 6691, 5*u = 15. Is f prime?
True
Let i(r) = 47*r. Let l be i(-1). Let c be 4*-3*(-21)/(-2). Let n = l - c. Is n composite?
False
Let o be (-60)/(-6) + (1 - 5). Is ((-2)/o)/(3/(-1719)) prime?
True
Let o(w) = -w**3 + 10*w**2 + 10*w + 2. Let x be o(8). Suppose u - 6*u = -x. Suppose h + 2*h = 4*f + 58, 2*h - u = f. Is h prime?
False
Suppose 0 = 5*x - 32 + 2. Suppose -x*w - 135 = -w. Is (388/(-6))/(18/w) a composite number?
False
Let h(z) = z. Suppose 2*s = -2*s + 20. Let n be h(s). Suppose -5*r + 0*o - 5*o + 760 = 0, n*r - 757 = -4*o. Is r prime?
True
Let m = 4 + -19. Is (-4 + (-70)/m)/((-2)/(-27)) prime?
False
Let h = 11506 + -6359. Is h composite?
False
Let k be 1/(-2)*2 + 2. Suppose q - 6 = -l + k, -4*q - 80 = -5*l. Suppose -v = -l - 2. Is v a prime number?
False
Let d be 18008/28*(2 + 5). Let p = d - 2553. Is p composite?
False
Suppose 0 = -33*f + 28*f + 10635. Is f a composite number?
True
Let v(z) = 4 - 37*z**2 - 58*z - 39*z**2 + 75*z**2. Is v(-17) a composite number?
False
Suppose 4*w - r + 2 = 0, 5*w + 1 = r - 2. Let u = w + 12. Suppose 7*m = u*m - 596. Is m prime?
True
Let o = -534 + 983. Is o a composite number?
False
Suppose -3*m + 8*m = -5*r + 109035, 4*m - 5*r - 87246 = 0. Is m a prime number?
False
Let u(w) = -26*w**2 + w + 1. Let j be u(-1). Let m(h) = 69*h + 7. Let y be m(4). Let g = j + y. Is g a prime number?
True
Suppose 4*p = 7*p. Suppose p*x - 1931 = -3*j - 4*x, -3*j + 1929 = 3*x. Is j a prime number?
True
Suppose 3*n = -3*h + 12678, -5*n + 4 = 19. Is h a prime number?
True
Let h = 44 + -40. Suppose 101 = v + h*f, 2*f = -4*v + 4*f + 368. Is v prime?
False
Suppose -3*z + 40 - 25 = 0. Is (-18 - z)*1*43/(-1) a prime number?
False
Let f(t) = t**3 - 10*t**2 + 10*t - 21. Let u be f(9). Is u/3 - (-324)/2 a prime number?
False
Let m = 20 + -18. Suppose z - 435 = m*i, -z - i = -4*i - 434. Is z composite?
True
Suppose 37279 = 441*v - 430*v. Is v a prime number?
True
Suppose -3*t + 2*c = -3*c + 104, -5*c = 2*t + 61. Is (-22)/t - 21242/(-6) a prime number?
True
Let a be 7 + -5 + -7 + -10. Let j(o) = -o**3 - 11*o**2 + 22*o + 17. Is j(a) prime?
True
Suppose -5*q + 5*l + 18596 = -15324, 5*q - 2*l = 33905. Is q a composite number?
False
Is (-16)/((-64)/(-12)) - (-41688)/2 prime?
False
Let x = -2078 + 26341. Is x prime?
False
Is (4 - 52/8)*(-2370)/25 a composite number?
True
Let b be (5/2)/(2/(-120)). Let d = b - 17. Let i = d - -438. Is i a composite number?
False
Suppose t = -2*t - 1437. Is (-1 + 1)/(-1) - t composite?
False
Suppose 53 = -2*w + 4*x - 5, 0 = -x - 3. Is (w/(-5) - -4) + -4 a composite number?
False
Let v(d) = 2*d**2 + 8*d - 23. Let k(q) = q + 5. Let h be k(-19). Is v(h) a composite number?
False
Let a(p) = -196*p - 2. Let x be a(-3). Suppose -4*b - 3*m = -849, -3*b + x + 41 = -m. Let w = -136 + b. Is w prime?
False
Suppose 278 = 4*r + 954. Let u = r - -296. Is u a prime number?
True
Suppose 5*h - 2*h = 12. Suppose 2*b - 953 = -g, -h*g + 0*g + 3798 = b. Is g a prime number?
False
Suppose 5*n - 3*n - 1562 = 0. Let w = n + -367. Suppose -840 = -4*b - 4*l, -4*l + 0*l - w = -2*b. Is b prime?
False
Let w be (-5 + 1255/15)/(2/3). Let u be 3/15 - 246/5. Let q = w + u. Is q composite?
True
Let o be 34*2/(4/7). Let n be o/(4*2/32). Suppose u = 5*u - n. Is u a composite number?
True
Is ((-20900)/5 - -6)*(-33)/6 composite?
True
Let a(y) = -y**3 + y**2 - y + 701. Suppose -u = 5*u. Is a(u) a prime number?
True
Suppose 3790 = 8*c + 2*c. Is c a composite number?
False
Suppose q + 618 = 3*q. Let k = 724 - q. Is k prime?
False
Suppose 9 = x + l, 0*l - 4*l - 76 = -4*x. Let n be 876/x + 24/56. Let t = n + 6. Is t prime?
False
Suppose y - 18 = -5*u, y - u + 4 = -2. Let x(o) = 108*o**2 + 6 + 2*o + 0 - 7. Is x(y) prime?
False
Let o(i) = -5*i - 76. Let v be o(-16). Suppose z - 3*z + 4*w = -17614, -v*w = -3*z + 26417. Is z composite?
False
Suppose -2 = -6*o - 2. Suppose -2*t + 637 + 1021 = o. Is t prime?
True
Let j(x) = -2*x + 1554. Let p be j(0). Suppose -n - 5*n = -p. Suppose -3*k = -4*u + 1225, 3*k = -5*u - n + 1797. Is u composite?
False
Suppose 0 = 4*u - 2*u - 4. Suppose 205 = -u*k + 7*k. Let h = k - 8. Is h a composite number?
True
Is 129684/5 + (-108)/(-540) prime?
False
Let l(g) = 61*g**2 - 12*g + 102. Is l(-14) a prime number?
False
Let o = -12300 + 22795. Is o a composite number?
True
Let i(r) = r**3 - 22*r**2 - 10*r - 1. Is i(24) composite?
False
Suppose 4*p = -0*p + 6964. Is p a prime number?
True
Suppose 3*r + r = 12. Suppose 295 = 2*j + r*j. Is j composite?
False
Let i(y) = 49*y**3 + 11*y**2 - 39*y + 7. Is i(4) prime?
True
Let v = -143 + 919. Let i = v + -325. Suppose -5*n = -144 - i. Is n prime?
False
Let k(b) = -2515*b**3 - b - 1. Let l be k(-1). Suppose q - 2*q + 2*o = -637, -3*o = 4*q - l. Is q a prime number?
True
Let j be ((-18)/30)/((-3)/15). Suppose 2*t = j*z - 6008, 0*z - z + 1996 = -4*t. Is z/9 - (-1)/3 a composite number?
False
Let p(w) = w**3 - 10*w**2 - 14*w + 9. Let j be p(10). Let s = j + 438. Is s a composite number?
False
Is 9 + -10*11530/(-20) a composite number?
True
Let m(j) be the first derivative of -97*j**3 - j**2/2 - j + 3. Let u be m(-1). Let i = u - -502. Is i a composite number?
False
Suppose 3*p + 2 = 14. Let d be 133 + (-2)/(p/6). Suppose m - 509 = -d. Is m prime?
True
Suppose 3*b = 5 + 1. Let x be b*1*9/9. Suppose -x*m = -6*m + 892. Is m a composite number?
False
Let b be (-4)/8*1*-1070. Let p(y) = -12 + 10 + 32*y + b*y. Is p(1) composite?
True
Suppose -4*n = 3*r - 18859, -r + 479 + 5806 = 2*n. Is r composite?
True
Suppose 41*t - 5 = 40*t, 0 = -3*v + 4*t + 2119. Is v composite?
True
Suppose 0 = -2*l - 5*r - 20, 0*l + 3*l - 20 = 5*r. Suppose l = -5*a - 2*n - 7018, 0 = -4*a - 0*n + 5*n - 5621. Is a/(-65) - (-4)/10 a composite number?
True
Let q(f) = 4*f**3 - 15*f**2 + 7*f - 3. Is q(20) a prime number?
False
Suppose -36*q - 270 - 11646 = 0. Let i = -3 - -1. Is 1 - (q - (i + 1)) a composite number?
False
Let s(f) = 92*f**2 - 312*f + 11. Is s(-15) prime?
True
Let l = 1055 - -3146. Is l a prime number?
True
Suppose 2*s + 13 = -c, 3*s - 2*c + 3 - 1 = 0. Let n be (-3)/(-4) + (-9)/s. Suppose p + 418 = n*p. Is p a composite number?
True
Let p = -8132 - -14653. Is p prime?
True
Let c(j) = -2*j + 9. Suppose -f = 3*z + 3, -3*f + 5*z + 5 = -0. Let h be c(f). Is (-18)/h - (0 - 256) composite?
True
Let r = -12 - -17. Suppose 108 + 122 = r*y. Is (y/(-4))/((-1)/10) prime?
False
Let z = -11 + 13. Suppose 2*c = -z*c, 4*q + 5584 = -3*c. Is 4/18 - q/36 composite?
True
Let f(n) = -n**3 + 7*n**2 - n + 5. Let o be f(7). Is (-3004)/(-8)*o*-1 a composite number?
False
Suppose -2*t + 4*t - 8 = 3*w, -t = -4. Is 422 + -7 + w/(-1) a prime number?
False
Is (10326/12)/(4/56 - 0) prime?
False
Let s(h) = -h**3 - 7*h**2 - 4*h + 1. Let t be s(-6). Let x(p) = -p**3 - 13*p**2 + 23*p + 20. Let m be x(-10). Is 2/t - m/22 a composite number?
False
Suppose 0 = -f + 4*w + 8633, -3*f = -6*f - 5*w + 25933. Is f composite?
False
Suppose -3*l + 12627 = -17178. Is l prime?
False
Suppose 16*q = 13*q + 6081. Is q composite?
False
Suppose 4*y - 2*y = 4. Let w be ((-36)/(-2))/y - 3. Suppose 0 = 3*m + 3*h - 396, -2*m + 2*h = -w*m + 530. Is m composite?
True
Suppose -v - 16 = -5*f + 2*v, -f + v = -2. Suppose c + f - 10 = 0. Suppose -582 = -4*m - 2*h, -4*m - c*h + 597 = -0*m. Is m composite?
True
Let x = 18 - 13. Suppose -f + 2*f + x = 0, 5 = -5*h - 4*f. Is (h + 1 + -423)*-1 composite?
False
Let q = -11 - -11. Let p(v) be the second derivative of v**5/20 - v**3/6 + 307*v**2/2 + 7*v. Is p(q) a prime number?
True
Let w = 8506 - 2075. Is w a prime number?
False
Suppose -5*h - 3*b + 19954 = 0, -h + 2*